
What is the millions digit of 76153721?
6
What is the thousands digit of 451873677?
3
What is the hundreds digit of 6297166765?
7
What is the hundreds digit of 89450845?
8
What is the tens digit of 460793390?
9
What is the thousands digit of 2506723514?
3
What is the hundreds digit of 330879963?
9
What is the thousands digit of 136441627?
1
What is the millions digit of 111299312?
1
What is the units digit of 916971529?
9
What is the millions digit of 265314390?
5
What is the tens digit of 3313708421?
2
What is the ten thousands digit of 136748108?
4
What is the hundred thousands digit of 17651739?
6
What is the hundreds digit of 76122377?
3
What is the tens digit of 21284480?
8
What is the tens digit of 564450575?
7
What is the ten millions digit of 1197966242?
9
What is the millions digit of 312991323?
2
What is the units digit of 163103273?
3
What is the ten millions digit of 17299888?
1
What is the millions digit of 787834410?
7
What is the tens digit of 17460059?
5
What is the thousands digit of 661517631?
7
What is the thousands digit of 6353417604?
7
What is the hundreds digit of 3081207538?
5
What is the units digit of 21745405?
5
What is the tens digit of 2627512270?
7
What is the hundred thousands digit of 171516038?
5
What is the hundreds digit of 772491832?
8
What is the thousands digit of 369732982?
2
What is the units digit of 213822663?
3
What is the ten thousands digit of 1163701?
6
What is the ten thousands digit of 1204704382?
0
What is the ten millions digit of 30982798?
3
What is the hundreds digit of 16021721?
7
What is the hundred millions digit of 222500540?
2
What is the millions digit of 369770962?
9
What is the ten thousands digit of 53565693?
6
What is the millions digit of 512034625?
2
What is the hundred millions digit of 272769838?
2
What is the ten thousands digit of 1413250462?
5
What is the ten millions digit of 364551436?
6
What is the hundreds digit of 1294333872?
8
What is the ten millions digit of 6819947502?
1
What is the thousands digit of 3064882941?
2
What is the ten thousands digit of 1542472190?
7
What is the thousands digit of 7334256489?
6
What is the hundred millions digit of 1023430354?
0
What is the hundred millions digit of 2407234214?
4
What is the ten thousands digit of 7408329?
0
What is the hundred thousands digit of 71555890?
5
What is the ten millions digit of 484439770?
8
What is the hundreds digit of 30051180?
1
What is the ten thousands digit of 108185003?
8
What is the millions digit of 1070612000?
0
What is the ten millions digit of 7791347999?
9
What is the tens digit of 190015803?
0
What is the units digit of 422209719?
9
What is the billions digit of 1150508637?
1
What is the hundred millions digit of 2573115346?
5
What is the hundreds digit of 588020047?
0
What is the thousands digit of 985267460?
7
What is the billions digit of 1634048169?
1
What is the millions digit of 101307291?
1
What is the hundred thousands digit of 683567657?
5
What is the ten thousands digit of 4207349?
0
What is the billions digit of 1332978776?
1
What is the ten thousands digit of 30077911?
7
What is the thousands digit of 278239472?
9
What is the tens digit of 170224124?
2
What is the hundred thousands digit of 928871678?
8
What is the millions digit of 40459807?
0
What is the hundreds digit of 77484044?
0
What is the hundred thousands digit of 30187141?
1
What is the units digit of 804526037?
7
What is the millions digit of 22981396?
2
What is the thousands digit of 288172646?
2
What is the ten millions digit of 156119506?
5
What is the thousands digit of 189379652?
9
What is the hundred thousands digit of 8115075?
1
What is the ten millions digit of 235811384?
3
What is the hundreds digit of 51072990?
9
What is the ten thousands digit of 26812445?
1
What is the hundreds digit of 119196816?
8
What is the billions digit of 1325524009?
1
What is the millions digit of 23861229?
3
What is the tens digit of 596644131?
3
What is the billions digit of 3584342183?
3
What is the hundred thousands digit of 1209785647?
7
What is the units digit of 149346456?
6
What is the ten millions digit of 42855843?
4
What is the ten thousands digit of 21929821?
2
What is the hundred thousands digit of 95353175?
3
What is the ten millions digit of 15433628?
1
What is the millions digit of 261793151?
1
What is the units digit of 1398689935?
5
What is the tens digit of 71319907?
0
What is the hundreds digit of 440203720?
7
What is the ten millions digit of 26646333?
2
What is the units digit of 136110136?
6
What is the hundreds digit of 10023543?
5
What is the tens digit of 22157875?
7
What is the billions digit of 1222522226?
1
What is the ten millions digit of 4722954109?
2
What is the units digit of 600793055?
5
What is the billions digit of 6445370860?
6
What is the tens digit of 29682121?
2
What is the hundred millions digit of 1076644558?
0
What is the ten thousands digit of 83685141?
8
What is the billions digit of 1704610176?
1
What is the hundred thousands digit of 15187717?
1
What is the thousands digit of 30458207?
8
What is the ten millions digit of 991300540?
9
What is the ten millions digit of 106755908?
0
What is the ten millions digit of 111229506?
1
What is the hundred thousands digit of 1641749602?
7
What is the hundred thousands digit of 973962550?
9
What is the millions digit of 1998028337?
8
What is the billions digit of 1394899407?
1
What is the hundred thousands digit of 1194944785?
9
What is the hundreds digit of 34282548?
5
What is the ten millions digit of 5601312941?
0
What is the thousands digit of 686831853?
1
What is the ten thousands digit of 68557133?
5
What is the units digit of 31161411?
1
What is the units digit of 258386218?
8
What is the thousands digit of 322606991?
6
What is the hundred millions digit of 3119115080?
1
What is the billions digit of 2686613333?
2
What is the hundred thousands digit of 5893430699?
4
What is the ten millions digit of 2030439206?
3
What is the thousands digit of 77082200?
2
What is the hundred millions digit of 2104343162?
1
What is the ten thousands digit of 549049299?
4
What is the tens digit of 37816030?
3
What is the millions digit of 1568302410?
8
What is the millions digit of 3428741046?
8
What is the tens digit of 100832905?
0
What is the units digit of 3352236232?
2
What is the ten millions digit of 14716256?
1
What is the hundreds digit of 38155881?
8
What is the units digit of 2539031930?
0
What is the ten thousands digit of 343273373?
7
What is the tens digit of 181892777?
7
What is the hundred thousands digit of 4464628?
4
What is the thousands digit of 53032575?
2
What is the millions digit of 81497707?
1
What is the ten millions digit of 29144477?
2
What is the millions digit of 274690072?
4
What is the ten thousands digit of 238632933?
3
What is the hundred millions digit of 704930152?
7
What is the hundred thousands digit of 921848693?
8
What is the thousands digit of 639363796?
3
What is the ten thousands digit of 3528421279?
2
What is the hundred thousands digit of 29266952?
2
What is the units digit of 63527385?
5
What is the ten thousands digit of 114331774?
3
What is the units digit of 802519847?
7
What is the tens digit of 212392962?
6
What is the hundreds digit of 946711837?
8
What is the hundred millions digit of 126566388?
1
What is the millions digit of 46113621?
6
What is the tens digit of 699838100?
0
What is the hundreds digit of 375653974?
9
What is the thousands digit of 1373739033?
9
What is the hundred millions digit of 1330178651?
3
What is the hundred thousands digit of 452329387?
3
What is the ten thousands digit of 1507654882?
5
What is the units digit of 68835362?
2
What is the millions digit of 124722394?
4
What is the ten millions digit of 954720695?
5
What is the tens digit of 2853021?
2
What is the millions digit of 30565466?
0
What is the hundred thousands digit of 43444741?
4
What is the hundreds digit of 133948059?
0
What is the billions digit of 5412769824?
5
What is the units digit of 28774635?
5
What is the hundred thousands digit of 4204733652?
7
What is the ten millions digit of 349624929?
4
What is the ten thousands digit of 379177611?
7
What is the millions digit of 1966360373?
6
What is the hundreds di